 6. Let g = 3444 - 3444. Give k(g).
-6
Let p(k) be the third derivative of 7*k**5/60 - k**3/6 + 7*k**2 - 3*k. Suppose m - 2 + 12 = 0. Let v = m - -9. Determine p(v).
6
Let z(s) be the third derivative of s**4/24 - 4*s**3/3 - 13158*s**2 - 1. Suppose g - 6 = 2*g. What is z(g)?
-14
Let k(j) = -j - 9. Let v(p) = 4*p + 28. Let n(m) = -7*k(m) - 2*v(m). Let u = 168 - 126. Let r = u - 38. What is n(r)?
3
Suppose 0 = 3*w + 7 - 4. Let r(q) = 72*q**3 - 14*q**2 + 14*q - 74. Let c(h) = 48*h**3 - 10*h**2 + 10*h - 53. Let t(p) = -7*c(p) + 5*r(p). What is t(w)?
-23
Let j(y) = -y**2 + 7*y - 24. Let a = -8384 + 8392. Give j(a).
-32
Let r(c) = -434*c - 36. Let a(k) = 130*k + 12. Let p(g) = 10*a(g) + 3*r(g). Give p(11).
-10
Suppose 0 = -x + 9*x - 112. Let f(c) = 1 + 2*c - x*c**2 - 13*c**2 + 26*c**2. Let q(w) = -2*w**2 + 5*w + 3. Let v(z) = -5*f(z) + 2*q(z). Determine v(-3).
10
Let d(q) = -7*q**3 + 12*q**2 - 7*q + 1. Let p(f) = -4*f**3 + 6*f**2 - 3*f. Let k(y) = -3*d(y) + 5*p(y). Let i = -100 - -109. Suppose i*m - 48 = -3*m. Give k(m).
-11
Suppose 0 = -2*k + 7*k - 520. Suppose 211 = -i - i - 5*m, -386 = 4*i - 2*m. Let c = i + k. Let g(n) = n - 8. What is g(c)?
-2
Let q(a) = -a**3 + 15*a**2 + 18*a - 36. Let k be (-64)/(-10)*(65/26 - 0). Give q(k).
-4
Let s = 25295 - 25277. Let j(m) = -11*m + 180. Give j(s).
-18
Let n(y) = -6*y**2 - 37*y - 8. Let t(j) = 2*j**2 + 7*j + 4. Let p(l) = -n(l) - 4*t(l). Calculate p(7).
-43
Suppose -3*q + i + 32 = 0, 19 = 43*q - 41*q - 3*i. Let s(p) be the first derivative of 1/2*p**2 - q + 11*p. Calculate s(-9).
2
Let u(y) be the third derivative of y**5/30 - y**4/4 + y**3/3 - 189*y**2 - 9. Determine u(2).
-2
Let w(p) = p**2 + 1 - 2*p**2 + 3 - 6*p. Let y be (-2 - (-3)/1)/((-50)/400). Calculate w(y).
-12
Let l(v) = -v**3 - 6*v**2 + 12541526*v - 2 + 27*v**2 - 12541526*v. What is l(21)?
-2
Let g(h) = 35*h + 32. Let o(s) = 16*s + 13. Let j(f) = -2*g(f) + 5*o(f). Determine j(-3).
-29
Let z = -18 - -33. Let d = -16 + z. Let r(k) = 4*k**3 + k**2 + 2*k - 2. Let c(x) = -20*x**3 - 5*x**2 - 11*x + 11. Let v(y) = 2*c(y) + 11*r(y). Calculate v(d).
-3
Let j(o) = -2*o. Let n be j(2). Let k = n + 1. Let u(d) = 3*d + 885 - 284*d**2 - 886 + 283*d**2. Determine u(k).
-19
Let s = -27268 + 27278. Let x(r) = -13*r + 141. Determine x(s).
11
Let j be (1/(-1))/(1/(-7)). Let h = -915 - -1999. Let s(t) = 8 + 1081*t + h*t - 2167*t. What is s(j)?
-6
Let k(u) = 4*u**2 - 6*u + 12. Let g(z) = 21*z**2 - 28*z + 61. Let v be ((-1)/(-3))/(79/474). Let i(p) = v*g(p) - 11*k(p). Determine i(4).
-2
Let s(r) = 10*r - 89. Suppose 15*h = 11*h - 20, 0 = 2*t + 3*h - 5. Give s(t).
11
Let d(i) = i**2 - i - 2. Let a(m) = m**3 - 13*m**2 + 13*m - 9. Suppose 4*o = 4*t - 32, -2*t - o = -0*t - 13. Let y = 19 - t. Let g be a(y). Give d(g).
4
Let p(a) = 5*a**2 - 75 + 71 - 569*a - a**3 + 568*a. Let m = 2 + 2. Determine p(m).
8
Suppose -6 = -2*x, 16 - 42 = 2*b - 4*x. Let d be (-26)/91 + (-16)/b. Let j(h) = 2 - 2 - 4 + 6*h + 9*h**d + h**3 - 6. Determine j(-8).
6
Let i(c) = 172*c**3 + c**2 + 25*c + 3. Let w(s) = 58*s**3 + 9*s + 1. Let g(p) = -3*i(p) + 8*w(p). Determine g(-1).
51
Let a(p) = 6*p - 8. Let b(o) = 5*o - 7. Let u = 66 - 41. Suppose -3*j = -6*z + 4*z - u, 3*z + 35 = 4*j. Let t(w) = z*b(w) + 4*a(w). What is t(3)?
0
Suppose -168*g + 478 = 142. Let f(j) = 52*j - 110. Determine f(g).
-6
Let k(m) be the first derivative of -m**3/3 + 13*m**2/2 - 30*m - 428. What is k(10)?
0
Suppose -68 = -47*l + 59 + 14. Let s(g) = -39*g + 139. Calculate s(l).
22
Let w(g) be the first derivative of -g**4/4 + 4*g**3 + 5*g**2 + 36*g - 548. Determine w(13).
-3
Suppose d = -2*d + 3. Let v(q) = -q + 0 + d + 1 - 4. Suppose 0 = -16*h + 2*h - 14. Determine v(h).
-1
Let j(u) = 7*u**3 - 102*u**2 + 168*u - 315. Let o(t) = -4*t**3 + 58*t**2 - 96*t + 181. Let k(l) = 9*j(l) + 16*o(l). What is k(8)?
-3
Let v(d) = -24*d**2 - 17*d + 7. Let s(y) = -16*y**2 - 19*y + 8. Let q(k) = -8*s(k) + 9*v(k). Give q(-1).
-88
Let i(r) = -r**2 + 33*r + 40. Let c be i(32). Let l(f) = 27 + 23 + 5*f + 27 - c. Determine l(-4).
-15
Let i be (-30)/(-195) - (-13628)/(-26). Let q = i + 510. Let a(s) = -s**2 - 17*s - 35. Calculate a(q).
7
Let d(t) = -t**3 - 4. Let v = 5181 + -5178. Calculate d(v).
-31
Let o = -2 + 7. Let v(q) = o*q - q**3 + 65 + 3*q**2 + 0*q**3 - 66 + 0*q**2. What is v(5)?
-26
Let l(c) be the third derivative of -40 + 1/30*c**5 + 0*c + 1/6*c**3 + 7/24*c**4 - 2*c**2. Give l(-5).
16
Let a be -1 + 0 + (-28)/49*-7. Let k(i) = -3*i**2 + i**a + 547 - i**2 - 543 + i - 4*i. Let c(w) = -2*w**3 - 4*w**2 - 3*w - 1. Let g be c(-2). Give k(g).
14
Suppose -3*o + 51 = 5*p, -3*p - 97 = -4*o - 0*p. Let c(v) = 43*v - o*v - 19*v + 6. Let w be (-2)/13 + (-50)/13. Determine c(w).
-2
Let b(u) = u - 2. Let y(l) = 14*l - 5. Let m(r) = -2*b(r) + y(r). Let z(h) = 23*h - 2. Let d(p) = 5*m(p) - 2*z(p). Determine d(1).
13
Let k(u) = -3*u**3 + 5*u**2 + 7*u - 10. Let d(c) = -c**3 - c**2 - 2. Let x(p) = -2*d(p) + k(p). Calculate x(8).
-14
Let q(a) = -13*a - 13 + 259*a**2 - 131*a**2 + 8*a - 15*a - 127*a**2. Calculate q(26).
143
Let y be (48/6 - 13) + 5. Let f(o) = -2*o**2 + o - 10. Let s(u) = 3*u**2 - 2*u + 19. Let t(x) = -5*f(x) - 3*s(x). What is t(y)?
-7
Let y(k) = 2*k. Let g(n) = 8 - 20 - 22 - 153*n + 145*n + n**2. Let f(h) = g(h) + 4*y(h). Calculate f(0).
-34
Let i be 6 + ((58 + -4)/6 - 7). Let c(z) = -5*z + 13. Calculate c(i).
-27
Let h(b) = 18*b + 0*b - 23 - 47. Let k be h(4). Let n(d) = d**3 - 3*d + 1. Determine n(k).
3
Let p(i) = 27*i + 438. Let q(c) = -18*c - 312. Let k(g) = -5*p(g) - 7*q(g). Determine k(-8).
66
Let l be 0/5*(4 + -3). Let r(b) = b**3 - 8*b**2 - 7*b - 15. Let x be r(9). Suppose x*o - 2 = -a - 0, l = 3*a + o + 2. Let j(g) = -6*g. What is j(a)?
6
Let d = 248 - 250. Let q(a) = -a**2 - 2*a - 3. Let g(t) = 3*t**2 + 7*t + 10. Let c(o) = -2*g(o) - 7*q(o). Give c(d).
5
Suppose 0 = -25*a - 2*a + 8262. Let j(r) = 2 + 0 - a*r + 310*r - 8 + 0. Calculate j(-6).
-30
Let t = 11 + -8. Let v = t - -2. Suppose v*w - 32 = s, w - 2 = -2*s - 0*s. Let f(g) = -g**3 + 6*g**2 + 3. Calculate f(w).
3
Let f(p) be the third derivative of p**4/12 - 7*p**3/2 + p**2 + 389. Calculate f(7).
-7
Let n(i) = 8*i - 5 + 0*i - i - 3*i. Suppose -20 + 14 = -6*b. What is n(b)?
-1
Let v(u) = 4*u**2 + 8*u + 16. Let r be v(-2). Let l(p) = 4 + 20*p - r*p + 0*p - 5*p. Calculate l(-4).
8
Let z(h) = -h**2 + 13*h + 24. Let d be z(11). Let s = d + -46. Suppose 0 = -s*x - 10*x - 20. Let f(y) = -y - 1. Give f(x).
1
Let i(q) be the second derivative of -23/6*q**3 + 0 + 0*q**2 - 1/3*q**4 + 1/120*q**5 - 23*q. Let y(r) be the second derivative of i(r). Give y(9).
1
Let g be ((-4896)/(-256) + -17)*(14/2 + 1). Let x(f) = f**3 - 18*f**2 + 12*f + 24. What is x(g)?
-61
Let g(n) = n**3 - 4*n**2 - 2*n + 4. Let j = 23 + -21. Let i be (30/12)/(10/24) - 4. Suppose 0 = -j*u - i*q + 12, -2*q + 5 = 1. Calculate g(u).
-4
Suppose 4*a = 72 - 52, 2*a = 2*t + 10. Let l(f) = 3*f + 7. Calculate l(t).
7
Suppose 3*p + 21 = -6. Let d be 1/(3/p) + 2. Let f(h) = -47*h + 2 + 46*h - 4. Determine f(d).
-1
Let d(n) be the second derivative of -n**5/20 - n**4/6 + 5*n**3/6 + 3*n**2 - 2*n + 490. Calculate d(-4).
18
Let x be 6/((-1)/(-2)*-2 + 0). Let n(z) = -z**3 + 7*z - 1. Suppose 5*v - 15 + 40 = 0. Let r(u) = u**3 - u**2 - 7*u. Let m(i) = v*r(i) + x*n(i). Determine m(-6).
12
Let d be 0 + 5 + 8*(-4)/(-32). Let h(a) = a + a**3 - 4 + 6*a + 0*a - 7*a**2 + a. Give h(d).
8
Let i(c) = c + 17. Let u be (-9)/(1701/(-18)) - (-680)/(-84). What is i(u)?
9
Let u(r) = -19*r**2 - 17*r**2 - 13*r - 13 - 18*r**2 - 20*r**2 + 75*r**2. What is u(17)?
55
Let c(q) = -836 + q**3 + 276 + 282 + 2*q + 2*q - 6*q**2 + 279. Determine c(5).
-4
Let w(i) = -5*i - 36. Suppose -n + 70 = -4*y, -11 = 5*y + n + 72. What is w(y)?
49
Let f(l) = l**2 + 4*l - 14. Let k be f(-4). Let p(o) = 2*o + 22. Let j be p(k). Let i(g) be the second derivative of g**3/6 + 5*g**2/2 + 2*g. Give i(j).
-1
Let t(x) = -8*x**3 - 34*x**2 - 8*x + 57. Let h(w) = 3*w**3 + 14*w**2 + 3*w - 23. Let k(l) = 13*h(l) + 5*t(l). Calculate k(12).
-26
Let j be (6 + -5)/((-23)/(-161)). Let h(o) = 14*o - 103. Calculate h(j).
-5
Let j(y) = -11*y + 187. Let z be j(17). Let i(q) = 2*q**3 + q + 6. Let v be i(z). Let u(w) = w**3 - 5*w**2 - 2*w - 8. Calculate u(v).
16
Let b be (-8)/(-4) + (2 - -33). Let a = 